1. Let x = h - 1. Let l(m) = -m**3 - 3*m - 2. What are the prime factors of l(x)?
2, 3
Let q(s) = -5*s + 9. What are the prime factors of q(-4)?
29
List the prime factors of 10/(-1*4/(-18)).
3, 5
Let n be 2 + -1 - (-10 + 5). Let g(x) = -5*x + 3*x - 1 + 3*x. List the prime factors of g(n).
5
Let x(d) = -12*d + 3. Let q be 2/(-3) + 102/18. Let n(v) = -6*v + 1. Let p(h) = q*n(h) - 2*x(h). What are the prime factors of p(-1)?
5
Let c(g) = g + 3. Let q be c(-4). Let y = 6 + q. What are the prime factors of ((-9)/y)/(3/(-15))?
3
Let w = 6 - 15. Let x = w + 30. List the prime factors of x.
3, 7
Suppose 0 = -2*f + 10, 54 = -5*a - 4*f + 359. List the prime factors of a.
3, 19
Suppose 0 = -5*l - 5*c + 5, 0 = -3*l + c + 23 - 8. List the prime factors of l.
2
Let f = 628 + -319. List the prime factors of f.
3, 103
Let h be (-15)/(-2)*(0 + 8). Let a = h + -41. What are the prime factors of a?
19
Suppose 3*c + 2*c - 490 = 0. Suppose -5*g = -c - 117. Suppose 5*z = -2*l + 50, 0*z - l + g = 4*z. What are the prime factors of z?
2, 3
Suppose 2*v - 6*d + d + 6 = 0, 4*v - 2*d = -28. Let p = 12 + v. What are the prime factors of ((-9)/(-2))/(2/p)?
3
Let n(b) = -b**3 - 9*b**2 - b + 4. List the prime factors of n(-9).
13
What are the prime factors of 12/(-21) + (-2496)/(-56)?
2, 11
Suppose 0*f - 15 = -5*f. Let g = f - -6. List the prime factors of g.
3
Suppose 4*n - 673 = -5*d - 5413, -2*n = 5*d + 4730. What are the prime factors of (-8)/36 - d/36?
2, 13
Let v(y) = 2*y + 3. Let d = 8 - 5. What are the prime factors of v(d)?
3
What are the prime factors of (-1)/(205/105 + -2)?
3, 7
Let l(j) = 2*j**2 - 13*j + 21. What are the prime factors of l(9)?
2, 3, 11
Let l(f) be the third derivative of -f**4/4 - 3*f**2. Let j be l(1). List the prime factors of (16/j)/(6/(-45)).
2, 5
Suppose -5 = 2*k - 3*k - 2*s, 0 = 5*k - 2*s - 25. Suppose -g - 69 = 3*r - 26, -k*r + 129 = -3*g. Let w = 62 + g. List the prime factors of w.
19
Let t(h) = h**2 - 16*h + 18. Let y be t(14). Let j be (-1)/(-5) - (-2)/y. Suppose j = 8*a - 11*a + 54. List the prime factors of a.
2, 3
Suppose -2*n - n - 15 = 0. Let w = 24 - 17. Let c = n + w. What are the prime factors of c?
2
Suppose -3*x + 710 = 4*t, 0*t = 5*x + 5*t - 1180. What are the prime factors of x?
2, 3, 13
Let o(r) = r. Let b be o(0). Let s = 48 + -16. Suppose 4*w + s = 4*a, b*w - 2*w = 5*a - 40. List the prime factors of a.
2
Let w(k) = -2*k - 11. Let h be w(-8). Let b be 63/(-5) - 2/h. Let c = b + 24. List the prime factors of c.
11
Let a(w) = -w**3 - 2*w**2 + 3*w + 4. Let o be a(-3). Suppose 4*c + 0*d - 4 = 2*d, -o*d = 4*c + 8. Suppose c*b - 8 = -b. List the prime factors of b.
2
Let q(p) = 88*p**2 - 4*p + 1. List the prime factors of q(1).
5, 17
Let i(v) = 43*v + 9. Let h(z) = 22*z + 5. Let w(r) = -5*h(r) + 3*i(r). Let x be w(3). Suppose 4*g + 49 - 21 = 2*q, 5*q + g = x. What are the prime factors of q?
2, 3
Let f be (11/22)/(2/(-24)). List the prime factors of (-1)/f - 595/(-30).
2, 5
Let r be -4*1/(-2)*-1. Let z(b) = -5 - 1 - 11*b + 4 + 0. List the prime factors of z(r).
2, 5
Suppose r + 0*r = 4, 3*r = -i + 89. Let q = i + -53. List the prime factors of q.
2, 3
Let o be (72/15)/4*5. Suppose 2*y + 16 = o*y. Suppose -16 + 0 = -y*h. List the prime factors of h.
2
Suppose 5*f - 19 + 47 = -3*s, -7 = 2*s + f. Suppose 5*y = 5*h, -5*y = -y - 2*h + 4. What are the prime factors of 1/s*8/y?
2
Let x(s) = -4*s + 7 + 2*s + s. Let f(j) = -j - 2. Let o be f(4). List the prime factors of x(o).
13
Suppose 5 = -u - 12. Let o = -9 - u. What are the prime factors of o?
2
Let l(u) = u - 6. Let n be l(-8). Let c = n - -23. What are the prime factors of c?
3
Let g = -87 + 168. List the prime factors of g.
3
Let p = -10 - -26. Let f = 7 + p. Suppose 0 = -4*d + 5 + f. List the prime factors of d.
7
Let o(q) = q + 7. Suppose -3*v = 0, 0 = -r - 3*v + 3 + 3. Let b be o(r). Suppose -b = -4*p + 7. List the prime factors of p.
5
Suppose 0 = -5*i + 52 + 538. What are the prime factors of i?
2, 59
Suppose -2*f = 4*i - 74, -i + 2*f - 40 = -3*i. List the prime factors of i.
17
Let a(v) = v + 3. Let w be a(-9). What are the prime factors of (-135)/(-6) + (-3)/w?
23
Let a be (-3)/4*(-32)/12. Suppose -3 = -l + a. What are the prime factors of l?
5
Suppose -2 = -3*k + 10. Suppose -2*b = -z - 4, 4 = k*z - z - 2*b. What are the prime factors of z?
2
Let i = 194 + -4. What are the prime factors of i?
2, 5, 19
Let l = 59 - -52. Suppose -5*s + l - 36 = -x, -4*s + 69 = x. List the prime factors of s.
2
Suppose -123 = -c - 8*b + 4*b, -4*b = 20. What are the prime factors of c?
11, 13
Suppose 3*y + 5*b = -9, 0*y + 2*y = -5*b - 1. Let g = 0 + 1. List the prime factors of (y/g)/((-4)/6).
2, 3
Let j be (-1 - 2)/(1/5). Let w = j + 22. Let g(b) = 3*b - 9. List the prime factors of g(w).
2, 3
Suppose -2*u + 130 = -74. What are the prime factors of u?
2, 3, 17
Suppose 864 = 3*a + 6*a. List the prime factors of a.
2, 3
Let b(v) = -8*v**3 + v**2 - 1. Let u(f) = 2*f - 5 - 3*f - 2. Let m be u(-6). List the prime factors of b(m).
2
Suppose 2*p = -2*m - 2, 4*p = 2*m - 3 + 17. Suppose -k = p*k. Suppose k = 3*a - 3*h - 21, -4*a + 3*h = a - 43. List the prime factors of a.
11
Let a(c) = -c + 10. Let f be a(7). Let z be (f + 34/(-8))*-4. Suppose -n = -k + 14, z*n - 1 = -11. List the prime factors of k.
2, 3
Let w be -4 + (4 - 3) - -30. Let r = w + -19. What are the prime factors of r?
2
Let g = -49 + 74. List the prime factors of g.
5
Let c = -21 + 49. Suppose 0 = 5*o + 2*u + c - 91, 3*u + 16 = o. Let i = o - 9. List the prime factors of i.
2
Suppose 4 + 2 = 2*v. Let b(a) = -v + 7 - 4*a - 2*a**2 + 2 + 3*a**2. What are the prime factors of b(5)?
11
Let n(r) = 7. Let k(t) = 11*t + 3*t - 13*t - 7. Let y(p) = 4*k(p) + 3*n(p). What are the prime factors of y(5)?
13
Suppose 18 = 2*k - 12. Suppose 0 = 3*a - k - 27. List the prime factors of a.
2, 7
Let o = 22 + -54. Let t = o - -57. What are the prime factors of t?
5
Let a(s) = -1 - 5*s + 15*s + 0 + 2*s. Let j = 2 - 1. List the prime factors of a(j).
11
List the prime factors of 64 - -1*(-8)/(-12)*3.
2, 3, 11
Suppose -x + 3*h = -5*x + 242, 0 = -3*x - 5*h + 187. List the prime factors of x.
59
Suppose o - 24 = -4*l, -4*o + 29 + 2 = 3*l. Suppose -s = -o*x + 12, -5*x + 4*s = -0*x - 4. List the prime factors of (3 - x) + 21 + -1.
19
Let j(l) = l**2 - 2*l - 1. Let m be j(-1). Let g(i) = -4*i**2 + 5*i + 3*i**m - i + 2*i**2 - 3. What are the prime factors of g(-5)?
2
What are the prime factors of (-3069)/(-55) - 8/10?
5, 11
Suppose 3*p = -3*z + 93, -z + 0*p - 3*p = -23. What are the prime factors of z?
5, 7
Suppose -2*p = -4*p + 184. Suppose -5*h - 46 = -2*t, 0 = -3*t + 6*t + 4*h - p. What are the prime factors of t?
2, 7
Let k = -118 + 182. What are the prime factors of k?
2
Let m(n) = -n - 6. Let x be m(-14). Suppose 5*q + 72 = x*q. What are the prime factors of q?
2, 3
Let t(l) = 2*l**2 + 2*l - 2. What are the prime factors of t(-3)?
2, 5
Let w(m) = -5*m + 5. What are the prime factors of w(-6)?
5, 7
Suppose -5*q + 3*t + 465 = 0, 5*q - t - 430 = -5*t. List the prime factors of q.
2, 3, 5
Let b = -12 - -15. Suppose 2*g - 12 = -2*r - b*g, g = r - 20. List the prime factors of r.
2
Suppose -2*o - 28 = -332. What are the prime factors of o?
2, 19
What are the prime factors of (-7 - 15)/((-2)/3)?
3, 11
Let b(f) = 2*f**2 - 11*f + 11. What are the prime factors of b(5)?
2, 3
Suppose v + 31 = 155. What are the prime factors of v?
2, 31
Let p(o) = 2*o**2 + 3*o - 3. Let h be p(3). Suppose 4*m + h = -2*d, -4*m - 9 = -d + 3. What are the prime factors of 64/6 + m/6?
2, 5
Let k(u) = -u**2 - u + 2. Let r be k(-2). Let b = r + 3. Suppose -b*t + 36 = 4*x, 0*t + x = -t + 12. List the prime factors of t.
2, 3
Suppose 3*v = 8*v - 40. Let g(a) = -a**2 + 8*a + 7. What are the prime factors of g(v)?
7
Suppose f - 5*a = 4*f - 34, 4*a - 14 = 2*f. Suppose -14 - 1 = -f*j. Suppose j*n = 74 - 14. List the prime factors of n.
2, 3
Let s(h) = -6*h**2 - 2*h - 3. Let w(z) = -6*z**2 - 3*z - 4. Let c(t) = -6*s(t) + 5*w(t). What are the prime factors of c(-1)?
7
Suppose -3*y + 0*y + 3 = 0. Let c = 4 - y. Suppose c*s + 28 = 4*s - 5*l, -5*s - 3*l + 28 = 0. What are the prime factors of s?
2
Let r(q) = -43*q + 2. List the prime factors of r(-1).
3, 5
Let a(w) = -w**3 - w**2 + 2. Suppose v + 3